se
Does 40 divide 2360?
True
Is 27055 even?
False
Is 735 a multiple of 15?
True
Is 384 a multiple of 6?
True
Does 38 divide 2774?
True
Is 58 a factor of 8153?
False
Does 22 divide 5817?
False
Does 18 divide 45414?
True
Is 102 a factor of 9085?
False
Is 24 a factor of 2832?
True
Is 278 a multiple of 26?
False
Is 36 a factor of 19104?
False
Is 4298 a multiple of 3?
False
Is 1110 a multiple of 15?
True
Does 20 divide 1980?
True
Is 32612 a multiple of 105?
False
Does 10 divide 200?
True
Is 21874 a multiple of 14?
False
Is 5 a factor of 460?
True
Does 4 divide 1296?
True
Is 11 a factor of 1200?
False
Does 55 divide 660?
True
Does 4 divide 281?
False
Is 308 a multiple of 44?
True
Is 32 a factor of 12216?
False
Does 18 divide 1042?
False
Is 1094 a multiple of 19?
False
Does 11 divide 165?
True
Is 219 a factor of 66608?
False
Is 110 a factor of 220?
True
Is 137 even?
False
Is 47 a factor of 376?
True
Is 10 a factor of 930?
True
Is 10754 a multiple of 19?
True
Is 24 a factor of 1362?
False
Does 133 divide 3990?
True
Is 23072 a multiple of 44?
False
Is 79 a multiple of 17?
False
Is 75 a multiple of 25?
True
Does 23 divide 976?
False
Does 73 divide 49786?
True
Is 53 a factor of 1900?
False
Does 8 divide 3744?
True
Is 477 a multiple of 14?
False
Is 2042 a multiple of 71?
False
Is 55091 a multiple of 188?
False
Is 357 a multiple of 3?
True
Is 44 a factor of 405?
False
Is 24 a factor of 3179?
False
Is 868 a multiple of 14?
True
Is 9 a factor of 54?
True
Is 3852 a multiple of 107?
True
Is 672 a multiple of 6?
True
Does 7 divide 11371?
False
Is 12 a factor of 83?
False
Does 4 divide 2928?
True
Is 1521 a multiple of 38?
False
Does 12 divide 6040?
False
Is 15 a factor of 180236?
False
Is 19 a factor of 249?
False
Is 28 a factor of 7749?
False
Is 10 a factor of 100?
True
Does 9 divide 22851?
True
Does 31 divide 1302?
True
Is 576 a multiple of 93?
False
Is 17 a factor of 49961?
False
Does 24 divide 1000?
False
Is 101062 a multiple of 13?
True
Is 28892 a multiple of 88?
False
Is 100 a factor of 3169?
False
Is 35 a factor of 1680?
True
Is 66 a multiple of 7?
False
Is 3515 a multiple of 95?
True
Is 28 a factor of 224?
True
Is 479 a multiple of 88?
False
Is 10 a factor of 1240?
True
Does 108 divide 14830?
False
Is 4298 a multiple of 10?
False
Is 350 a multiple of 35?
True
Is 3210 a multiple of 10?
True
Is 24024 a multiple of 104?
True
Is 24 a factor of 9120?
True
Does 68 divide 50993?
False
Does 4 divide 272?
True
Is 45 a factor of 13185?
True
Is 465 a multiple of 5?
True
Is 2814 a multiple of 6?
True
Is 719 a multiple of 39?
False
Is 135516 a multiple of 138?
True
Does 10 divide 960?
True
Is 24106 a multiple of 19?
False
Is 12880 a multiple of 14?
True
Does 57 divide 1961?
False
Is 1049 a multiple of 74?
False
Does 8 divide 10528?
True
Does 12 divide 876?
True
Does 33 divide 1967?
False
Is 2240 a multiple of 32?
True
Does 15 divide 2160?
True
Is 42 a multiple of 14?
True
Is 13309 a multiple of 11?
False
Is 9 a factor of 35972?
False
Is 7582 a multiple of 7?
False
Is 7546 a multiple of 81?
False
Is 24 a factor of 2816?
False
Is 12 a factor of 1452?
True
Does 9 divide 5078?
False
Does 8 divide 2880?
True
Does 13 divide 385?
False
Does 75 divide 750?
True
Does 89 divide 2230?
False
Is 20 a factor of 900?
True
Does 10 divide 4271?
False
Is 57 a factor of 6042?
True
Is 124 a multiple of 4?
True
Is 10469 a multiple of 87?
False
Is 750 a multiple of 8?
False
Is 3777 a multiple of 50?
False
Is 10 a factor of 3542?
False
Does 51 divide 81019?
False
Does 141 divide 113082?
True
Is 26 a factor of 1638?
True
Is 17 a factor of 1360?
True
Does 7 divide 108?
False
Is 166 a factor of 44638?
False
Is 18 a multiple of 4?
False
Is 624 a multiple of 12?
True
Does 107 divide 963?
True
Is 14 a factor of 1742?
False
Does 64 divide 8640?
True
Is 3 a factor of 318?
True
Is 27 a factor of 411?
False
Is 73125 a multiple of 39?
True
Is 2 a factor of 169?
False
Is 6497 a multiple of 89?
True
Is 19 a factor of 1111?
False
Does 10 divide 130?
True
Does 47 divide 235?
True
Is 14076 a multiple of 68?
True
Does 13 divide 4793?
False
Does 13 divide 6586?
False
Is 17 a factor of 1054?
True
Is 640 a multiple of 4?
True
Does 2 divide 130?
True
Is 6110 a multiple of 13?
True
Is 6 a factor of 6825?
False
Is 10 a factor of 20200?
True
Does 93 divide 2604?
True
Is 2 a factor of 223?
False
Does 26 divide 14888?
False
Is 68455 a multiple of 62?
False
Is 14 a factor of 1402?
False
Is 405 a multiple of 27?
True
Is 27 a factor of 351?
True
Is 3441 a multiple of 21?
False
Is 544 a multiple of 35?
False
Does 46 divide 2024?
True
Does 239 divide 72678?
False
Does 7 divide 52339?
True
Does 107 divide 10851?
False
Is 21266 a multiple of 67?
False
Is 88 a factor of 12408?
True
Is 16899 a multiple of 10?
False
Is 158 a multiple of 6?
False
Is 26 a factor of 1540?
False
Is 19006 a multiple of 71?
False
Is 59404 a multiple of 229?
False
Is 8944 a multiple of 5?
False
Is 7513 a multiple of 29?
False
Is 18 a multiple of 7?
False
Does 25 divide 3275?
True
Does 10 divide 37160?
True
Is 828 a multiple of 51?
False
Is 120 a multiple of 2?
True
Is 260 a multiple of 4?
True
Is 66 a multiple of 11?
True
Does 18 divide 22292?
False
Is 68 a factor of 57862?
False
Is 50 a factor of 2400?
True
Is 4511 a multiple of 36?
False
Is 31 a factor of 3100?
True
Does 14 divide 580?
False
Is 46 a factor of 61088?
True
Is 113 a factor of 2825?
True
Does 36 divide 360?
True
Is 21 a factor of 17224?
False
Does 30 divide 13260?
True
Does 20 divide 1031?
False
Is 1287 a multiple of 47?
False
Does 17 divide 289?
True
Does 23 divide 1479?
False
Does 46 divide 23372?
False
Is 46 a factor of 27830?
True
Does 65 divide 56313?
False
Does 39 divide 2245?
False
Is 16 a factor of 416?
True
Is 35 a factor of 1868?
False
Is 1843 a multiple of 19?
True
Is 45052 a multiple of 373?
False
Is 28804 a multiple of 37?
False
Does 8 divide 1754?
False
Is 182 a factor of 13286?
True
Is 3762 a multiple of 57?
True
Is 8680 a multiple of 280?
True
Is 798 a multiple of 38?
True
Is 2127 a multiple of 15?
False
Does 53 divide 1855?
True
Is 1065 a multiple of 12?
False
Is 6 a factor of 5225?
False
Is 10 a factor of 48725?
False
Is 36 a factor of 1620?
True
Does 276 divide 56580?
True
Is 4528 a multiple of 8?
True
Is 2920 a multiple of 6?
False
Is 15 a factor of 18405?
True
Does 8 divide 998?
False
Does 18 divide 933?
False
Is 28985 a multiple of 31?
True
Is 29 a factor of 6409?
True
Is 11 a factor of 34980?
True
Does 148 divide 32609?
False
Does 18 divide 3188?
False
Does 57 divide 426?
False
Is 10 a factor of 357?
False
Does 98 divide 2352?
True
Is 22 a factor of 45842?
False
Does 445 divide 102476?
False
Does 19 divide 3709?
False
Is 3 a factor of 99?
True
Does 36 divide 2404?
False
Is 24 a factor of 168?
True
Does 15 divide 749?
False
Is 343 a multiple of 4?
False
Is 14183 a multiple of 23?
False
Is 64 a factor of 8192?
True
Is 4366 a multiple of 59?
True
Is 739 a multiple of 24?
False
Is 23 a factor of 11733?
False
Is 4 a factor of 2660?
True
Is 2084 a multiple of 13?
False
Is 4 a factor of 183?
False
Does 96 divide 42274?
False
Does 151 divide 68705?
True
Is 224 a multiple of 17?
False
Is 17 a factor of 68?
True
Is 9383 a multiple of 8?
False
Does 6 divide 6?
True
Is 9391 even?
False
Does 42 divide 119?
False
Is 4 a factor of 316?
True
Is 25 a factor of 354?
False
Is 15 a factor of 79605?
True
Is 5 a factor of 2011?
False
Is 5938 a multiple of 33?
False
Is 127 a factor of 1016?
True
Is 12 a factor of 6472?
False
Is 560 a multiple of 40?
True
Does 3 divide 13758?
True
Is 17 a factor of 2754?
True
Is 9579 a multiple of 120?
False
Does 61 divide 2806?
True
Is 15 a factor of 410?
False
Is 108 a factor of 4702?
False
Does 16 divide 17?
False
Is 1504 a multiple of 16?
True
Is 12902 a multiple of 12?
False
Does 8 divide 77?
False
Does 55 divide 1130?
False
Is 153 a factor of 48807?
True
Is 89 a factor of 5963?
True
Is 365 a factor of 7583?
False
Is 2542 a multiple of 100?
False
Does 64 divide 16763?
False
Is 1485 a multiple of 55?
True
Is 23 a factor of 66102?
True
Does 3 divide 2638?
False
Is 1687 a multiple of 7?
True
Does 4 divide 10965?
False
Is 49 a factor of 1537?
False
Is 5 a factor of 405?
True
Is 13 a factor of 50206?
True
Is 4728 even?
True
Does 32 divide 9642?
F